ns digit of o?
2
Suppose -5*t - 5 = -6*t. Let s = t - 1. Suppose -s*i + 0 + 32 = 0. What is the units digit of i?
8
Let m(k) = k**3 + 10*k**2 - k + 5. What is the units digit of m(-10)?
5
Suppose 0 = 2*v - 3*v. Suppose v = 2*s + 5*m - 38, 23 + 42 = 5*s + 5*m. What is the units digit of s?
9
Suppose -3*p + 0 + 6 = 0. Suppose 0*v = -v + p*y + 10, -6 = 2*y. Suppose -8 = 3*i - v*i. What is the units digit of i?
8
Let s(w) = w**3 + 3*w**2 + 2*w + 2. Let m be s(-2). What is the units digit of (m*1)/((-10)/(-65))?
3
Let l(m) = -m + 8. Let p be 0 - (3 + -5 - -2). What is the units digit of l(p)?
8
Let t(p) be the first derivative of -p**4/4 - 11*p**3/3 + 11*p**2/2 + 11*p + 1. What is the units digit of t(-12)?
3
Let i(w) = w + 10. Let d be i(-9). Let a = -2 + d. What is the units digit of a*2/(-5)*5?
2
Suppose 0 = -4*h - h + 15. Let p(u) = 3*u - 2 + 0*u + 0*u. What is the units digit of p(h)?
7
Suppose 16*d = 13*d + 135. What is the tens digit of d?
4
Let k(t) = 3*t - 10. Suppose 2*m + 0*m - 16 = 0. Let v be k(m). Suppose -76 = -4*f + 5*b - 21, 2*f = -2*b + v. What is the units digit of f?
0
Let k(i) be the third derivative of -7*i**4/24 - i**3/6 - 4*i**2. Suppose -3*j = 1 + 2. What is the units digit of k(j)?
6
Let y(x) = -x**3 + 3*x**2 + 2. Let d be y(3). What is the units digit of 1*d/((-4)/(-54))?
7
Suppose 0*i + i - 4 = 0. Let p(t) = t**2 - 5*t. Let m be p(6). Suppose 2 = -i*v + m. What is the units digit of v?
1
Let q(c) = c + 8. Let a(i) = 3*i + 23. Let g(k) = 4*a(k) - 11*q(k). Let o be g(0). Suppose 0 = w - o + 1. What is the units digit of w?
3
Suppose 2*v - 17*v + 2595 = 0. What is the units digit of v?
3
Suppose -4*b + 14 = 2. Let c(q) = q + b*q - q - 2. What is the units digit of c(3)?
7
Suppose 3*m + 54 = -0*m. Let o = -17 - m. What is the units digit of o?
1
Suppose -234 + 252 = p. What is the tens digit of p?
1
Suppose -15 = -c - 4*c. Suppose -i - 16 = -c*i. Suppose 28 - i = 4*h. What is the units digit of h?
5
Suppose 5*q + 2*l = 12, 0*q - 3*l = 5*q - 8. Suppose -q*n - 14 = -46. Suppose 0*m - 2*m = -n. What is the units digit of m?
4
Let s = 0 + 3. Let r = 21 - s. Suppose -r = 2*w - 5*w. What is the units digit of w?
6
Suppose c - 4*c - 85 = -2*g, 2*c + 75 = 5*g. Suppose -4*m = -3*m + 10. What is the units digit of (30/c)/(2/m)?
6
Suppose -43 + 5 = -2*j. What is the units digit of j?
9
Let c be 3/1 + 0/9. Suppose 0 = -c*m - 3*x + 30, 0*x - 1 = -x. Suppose 4*i + m = 21. What is the units digit of i?
3
Suppose 4 = 3*g - 2*g. What is the units digit of g?
4
Suppose 3*i = -i + 4. Let c be 33/(-12) - i/4. What is the units digit of (4*c)/(6/(-4))?
8
Let g(f) = f**3 - f**2 - 2*f. Let k be g(-2). Let h = -5 - k. Let n = -1 + h. What is the units digit of n?
2
Let b be ((-9)/(-6))/((-3)/(-10)). Suppose b*u = 13 - 3. What is the units digit of u/((-1)/(-22)*4)?
1
Suppose g + 7 = 2*c, -5*c = 3*g - 0 - 1. Suppose -3*d + 120 = c*d. Let y = d - 7. What is the units digit of y?
7
Let i(t) = 5*t**2 + 10*t + 8 - 4*t**2 + 0*t**2. Let l be i(-8). Let s = l + 13. What is the units digit of s?
5
Let r(v) = v**3 - 6*v**2 - 5*v - 10. Let c be (-4)/(-6) + 147/9. Let f = c + -10. What is the units digit of r(f)?
4
Suppose 5*l - 251 = -2*d, 5*l - 26 = d + 216. Let a = l + -34. Suppose -2*t + 1 = 3*u - 8, -5*u + a = -4*t. What is the units digit of u?
3
Suppose -3*d = a + 10 - 32, 2*d = -2*a + 20. Suppose 0 = -5*b - 20, -2*w + b - 40 = -d*w. What is the units digit of w?
1
Let r = 2 - 0. Suppose r*j - 18 = 8. Suppose 5*s - 16 = -4*o, -2*s + 2*o + j - 3 = 0. What is the units digit of s?
4
Let a(r) = 3*r - r**3 + 4*r**2 + 0*r**2 + 3 + r**2. What is the tens digit of a(5)?
1
Let l = 52 - -7. What is the tens digit of l?
5
Let b be 3 + (3 - (-1 + 5)). Suppose 3*x = -4*g - 2*x + 48, 2*x + 24 = b*g. What is the tens digit of g?
1
Let p(l) = -22*l + 8. What is the units digit of p(-4)?
6
Let a = 20 + 6. Let j = -18 + a. What is the units digit of j?
8
Let n = 7 - 2. Suppose 3*o - 2*i = 17 + n, 33 = 2*o - 5*i. What is the units digit of o?
4
Let b be 27/(-1 - 1 - -3). Let d = -8 + b. What is the units digit of d?
9
Suppose r - 2*y = -4*y - 4, 5*y = -3*r - 13. Let g = r + 15. What is the units digit of g?
9
Let m = -18 + 16. What is the units digit of (-2)/(-4)*(-4)/m?
1
Suppose 3*j - 19 = 5*y, -3*j + 4*j = 3*y + 5. Suppose -2*x + 6 - j = 0. What is the units digit of (-2)/x - (3 - 8)?
7
Suppose -a = -2 - 2. Suppose 6 = -3*v - 2*c, 0 = 4*v + 2*c - c + 8. Let u = a + v. What is the units digit of u?
2
Let c(a) be the first derivative of -a**5/60 - 3*a**4/8 - 2*a**3/3 - 2. Let u(n) be the third derivative of c(n). What is the units digit of u(-6)?
3
Let r(q) = -q**3 + 8*q**2 - 8*q + 6. Let x be r(7). Let s be x/2 - (-7)/2. What is the units digit of (-48)/(-2)*s/6?
2
Let v = -3 + 8. Suppose 9 = 3*m + 3*j, v*j - 7 = -m - 0*j. Suppose 4*y + 40 = m*f, f - 24 = 3*y + y. What is the units digit of f?
6
Let s = -5 + 8. What is the tens digit of 10 + -3 + s + 3?
1
Let i(o) = -3*o**2 + o - 5. Let q be i(-3). What is the units digit of ((-36)/30)/(2/q)?
1
Suppose 47 = 3*m + 5*b - 35, 0 = m - 2*b - 42. What is the tens digit of m?
3
Let i(n) = -n - 3. Let j be i(-8). Let r = j + -10. What is the units digit of (-50)/r*2/4?
5
Suppose 10*h + 286 = 11*h. What is the units digit of h?
6
Let r(y) = -105*y + 1. What is the tens digit of r(-2)?
1
Let k = 14 + -9. Suppose -2*i + 3*j = -16, k*i = -j - 0*j + 6. Let a = 4 + i. What is the units digit of a?
6
Let a be (6/(-4) - -2)*-2. Let m be 0 + 1 + a + -2. Let i = m + 6. What is the units digit of i?
4
Let n(j) = 121*j**2 - 1. Let l be n(-1). Suppose l = 4*g + 36. Suppose g = 2*a + 3. What is the units digit of a?
9
Suppose 0 = c + 1 - 3. Suppose c*t - 6 = t. Let p = 5 + t. What is the tens digit of p?
1
Let m = 43 + -32. What is the units digit of m?
1
Let h be ((-6)/(-21))/(1/7). Suppose 0*s - h*s = -10. Suppose 0 = -2*q + s*l + 31, 4*l = q - l - 23. What is the units digit of q?
8
Let i(j) = 2*j**3 - 2*j**2 - 3*j + 2. Let c be i(2). Let n(v) = 3*v**2 - 8*v + 6. What is the units digit of n(c)?
2
Let x(o) = -282*o + 2. What is the units digit of x(-1)?
4
Let w = -2 + 3. Suppose 3*q - 15 = -3*f, f + 10 = -f + 3*q. Suppose -2*r + f = -w. What is the units digit of r?
1
Let t(w) = 2*w - 4. Let v be t(3). Suppose 2*m - 5*c - 19 = 0, 2*c + 4 = m - 2*m. Suppose -m = -v*x + x. What is the units digit of x?
2
Suppose -4*t + 10 = -2. Suppose n = t*n - 6. What is the units digit of n?
3
Let s(l) = l**2 - 9*l - 13. Let n be s(12). Let m(v) = v**3 + 4*v**2 + v - 2. Let q be m(-3). Suppose n = q*z - 29. What is the units digit of z?
3
What is the units digit of 3/(2*4/512)?
2
Let u be 4/(-1)*(1 - 2). Suppose 4*d - u = 0, 4*a - d = 4*d + 39. What is the units digit of a?
1
Suppose a - 28 = -a. Suppose a = 2*b - 0*b. Suppose 0 = -5*r + s + b + 4, 4*r - s = 8. What is the units digit of r?
3
Suppose -825 = -5*v + 2*b, -v + 66 = -5*b - 99. Suppose 0*o + v = 3*o. Suppose -g - o = -6*g. What is the tens digit of g?
1
Let b(s) = -s**2 + 7*s. Let j be b(7). Suppose -2*x = -j*x - 50. What is the units digit of x?
5
What is the hundreds digit of 18/(-42) - 2397/(-7)?
3
Let o(s) = 4*s**3 + 4*s - 6. Let i be (2*-1)/(4/(-10)). Let b(k) = -5*k**3 + k**2 - 4*k + 6. Let v(y) = i*b(y) + 6*o(y). What is the tens digit of v(5)?
1
Let j = 4 - -9. What is the units digit of j?
3
Suppose 0 = 5*y + 3*q, -25 = 2*q + 3*q. Suppose 0 = -5*r - y*l + 20, -3*r + 16 - 4 = 4*l. What is the units digit of r?
4
Suppose -5*t + 7*t - 86 = 4*r, -3*t + r + 119 = 0. What is the units digit of t?
9
Suppose 5*r - 30 = -5*k, r - 4 + 3 = 4*k. What is the units digit of k?
1
Let x = -8 - -13. Suppose 0 = 7*m - 2*m - x. What is the units digit of 5 + -1 + m*2?
6
Suppose 5*y + 2 = 3*y. Let j be (y + 2)*(-45)/(-3). Let x = j - 6. What is the units digit of x?
9
Suppose -2*t + 4*r - 12 = 0, -2*t + 3*r = -2*r + 14. Let k = t - -4. Suppose -2*x - 3*d = -4, 2*x - 2 = -2*d + k. What is the units digit of x?
2
Suppose v = -v + 84. What is the units digit of v?
2
Suppose -4*c = -0*c + 60. Let v be 3/12 + (-37)/4. What is the units digit of (v/c)/(2/30)?
9
Suppose -2*a - 100 = -7*a. What is the units digit of a?
0
Let j be 15 - (-7)/(7/(-3)). Let q = 65 - j. What is the tens digit of q?
5
Let d(q) 